{"id":1033,"date":"2023-05-07T18:48:26","date_gmt":"2023-05-07T15:48:26","guid":{"rendered":"https:\/\/hynninen.datalatu.fi\/?page_id=1033"},"modified":"2023-05-07T18:48:27","modified_gmt":"2023-05-07T15:48:27","slug":"hynnisen-liperistandaari","status":"publish","type":"page","link":"https:\/\/www.hynninen.info\/?page_id=1033","title":{"rendered":"Hynnisen liperistandaari"},"content":{"rendered":"\n<figure class=\"wp-block-table\"><table><tbody><tr><td><br><br><img decoding=\"async\" src=\"https:\/\/www.hynninen.info\/kuvat\/lipsta.jpg\" alt=\"\"><br><br><strong>1.<\/strong>31.08.1985\u00a0Runoilija Pekka\u00a0<strong>Kujala<\/strong><strong>2.<\/strong>30.08.1996\u00a0Piispa Samuel\u00a0<strong>Lehtonen<\/strong><strong>3.<\/strong>29.08.1987\u00a0Rovasti Juhani\u00a0<strong>Juntunen<\/strong><strong>4.<\/strong>27.08.1988\u00a0Is\u00e4 Filadelfos, rovasti Veikko\u00a0<strong>Laakso<\/strong><strong>5.<\/strong>26.08.1989\u00a0Rovasti Jaakko<strong>\u00a0Elenius<\/strong><strong>6.<\/strong>25.08.1990\u00a0Kaupunginjohtaja Ralf\u00a0<strong>Grahn<\/strong><strong>7.<\/strong>31.08.1991\u00a0Toimittaja Tuovi\u00a0<strong>Putkonen<\/strong><strong>8.<\/strong>29.08.1992\u00a0Rovasti Esko\u00a0<strong>V\u00e4yrynen<\/strong><strong>9.<\/strong>28.08.1993\u00a0Professori Pentti\u00a0<strong>Laasonen<\/strong><strong>10.<\/strong>27.08.1994\u00a0Tuomiorovasti Mikko\u00a0<strong>Heikka<\/strong><strong>11.<\/strong>26.08.1995\u00a0L\u00e4\u00e4ninrovasti Tiit\u00a0<strong>Salum\u00e4e<\/strong><strong>12.<\/strong>31.08.1996\u00a0Fil.lis. Antero\u00a0<strong>Nederstr\u00f6m<\/strong><strong>13.<\/strong>30.08.1997\u00a0Kirkkoherra Olli\u00a0<strong>Laine<\/strong><strong>14.<\/strong>29.08.1998\u00a0Juha\u00a0<strong>Turja<\/strong>\u00a0ja Martti<strong>\u00a0V\u00e4kev\u00e4<\/strong><strong>15.<\/strong>28.08.1999\u00a0Kirkkoherra Veikko\u00a0<strong>Lisitsin<\/strong><strong>16.<\/strong>26.08.2000\u00a0Nuorisoty\u00f6nohjaaja Paavo\u00a0<strong>Ripatti<\/strong><strong>17.<\/strong>25.08.2001\u00a0Emeritusarkkipiispa Kuno\u00a0<strong>Pajula<\/strong><strong>18.<\/strong>31.08.2002\u00a0Rovasti Hannu (Hinski)\u00a0<strong>Honkkila<\/strong><strong>19.<\/strong>30.08.2003\u00a0P\u00e4\u00e4toimittaja Kirisi\u00a0<strong>Rostamo<\/strong><strong>20.<\/strong>28.08.2004\u00a0Opetusneuvos Veikko\u00a0<strong>P\u00f6yh\u00f6nen<\/strong><strong>21.<\/strong>27.08.2005\u00a0Toimittaja Pentti\u00a0<strong>Ritolahti<\/strong><strong>22.<\/strong>26.08.2006\u00a0Pappisasessori, kirkkoherra Jaakko\u00a0<strong>Simojoki<\/strong>Liperistandaari luovutetaan aina elokuun viimeisen\u00e4 lauantaina pidett\u00e4v\u00e4ss\u00e4 kes\u00e4np\u00e4\u00e4t\u00f6sjuhlassa. Numeroituja standaareja on valmistettu 30 kappaletta, joista viimeinen on tarkoitus jakaa juhlassa 30.8. 2014.<br><br>Liperistandaarissa on valkoisella pohjalla musta sulkakyn\u00e4, johon on upotettu liperit. T\u00e4m\u00e4 Hynnisen perheen tunnus on my\u00f6s Veli-Matti Hynnisen Ex-libriksess\u00e4. Aikaisemmin se oli Veli-Matti Hynnisen Uusimaa-lehden kolumnin &#8221;Liperit kaulasta&#8221; tunnuksena, josta liperiaihe on kehitelty.<br><br>Liperistandaarin lis\u00e4ksi vuonna 1997 on valmistettu Hynnisen vaakunasta standaari, jossa mustat sulkakyn\u00e4t ovat ristiss\u00e4 ja liperit ovat vaakunan yl\u00e4osassa keskell\u00e4. Valkopohjaisessa vaakunastandaarissa ovat Savon v\u00e4rit keltainen ja musta. Vaakunastandaari on luovutettu 14.8.1997 kirjailija Matti Paavilaiselle ja 30.8.1997 rovasti Juhani Juntuselle 65-vuotislahjaksi,13.1.1998 pastori Kurt Knorrille Saksan Meldorfista 70-vuotislahjaksi ja 11.3.1999 Viron emeritusarkkipiispa Kuno Pajulalle 75-vuotislahjaksi. Lis\u00e4ksi vaakunastandaarin on vastaanottanut Helsingin metropoliitta Leo 1997 piispantarkastusk\u00e4ynnin yhteydess\u00e4 Loviisan pappilassa.Vaakunastandaari luovutettiin rovasti Veikko Lisitsinille 50-vuotisp\u00e4iv\u00e4n\u00e4 29.8.1999 ja Raimo Henriksonille 50-vuotislahjana 7.1.2000. Kirjailija Jaan Kross vastaanotti 80-vuotisjuhlanaan Tuglas-seuran j\u00e4rjest\u00e4mill\u00e4 juhlailallisilla Hynnisen liperivaakunan sek\u00e4 vuonna 1996 Loviisassa otetun valokuvan, jossa Jaan Kross on presidentti Tarja Halosen p\u00f6yt\u00e4seurana Degerby Gilless\u00e4.<br>Nina ja Tommi Mattila saivat standaarin h\u00e4\u00e4lahjaksi 29.6.2002\u00a0<\/td><\/tr><\/tbody><\/table><\/figure>\n","protected":false},"excerpt":{"rendered":"<p>1.31.08.1985\u00a0Runoilija Pekka\u00a0Kujala2.30.08.1996\u00a0Piispa Samuel\u00a0Lehtonen3.29.08.1987\u00a0Rovasti Juhani\u00a0Juntunen4.27.08.1988\u00a0Is\u00e4 Filadelfos, rovasti Veikko\u00a0Laakso5.26.08.1989\u00a0Rovasti Jaakko\u00a0Elenius6.25.08.1990\u00a0Kaupunginjohtaja Ralf\u00a0Grahn7.31.08.1991\u00a0Toimittaja Tuovi\u00a0Putkonen8.29.08.1992\u00a0Rovasti Esko\u00a0V\u00e4yrynen9.28.08.1993\u00a0Professori Pentti\u00a0Laasonen10.27.08.1994\u00a0Tuomiorovasti Mikko\u00a0Heikka11.26.08.1995\u00a0L\u00e4\u00e4ninrovasti Tiit\u00a0Salum\u00e4e12.31.08.1996\u00a0Fil.lis. Antero\u00a0Nederstr\u00f6m13.30.08.1997\u00a0Kirkkoherra Olli\u00a0Laine14.29.08.1998\u00a0Juha\u00a0Turja\u00a0ja Martti\u00a0V\u00e4kev\u00e415.28.08.1999\u00a0Kirkkoherra Veikko\u00a0Lisitsin16.26.08.2000\u00a0Nuorisoty\u00f6nohjaaja Paavo\u00a0Ripatti17.25.08.2001\u00a0Emeritusarkkipiispa Kuno\u00a0Pajula18.31.08.2002\u00a0Rovasti Hannu (Hinski)\u00a0Honkkila19.30.08.2003\u00a0P\u00e4\u00e4toimittaja Kirisi\u00a0Rostamo20.28.08.2004\u00a0Opetusneuvos Veikko\u00a0P\u00f6yh\u00f6nen21.27.08.2005\u00a0Toimittaja Pentti\u00a0Ritolahti22.26.08.2006\u00a0Pappisasessori, kirkkoherra Jaakko\u00a0SimojokiLiperistandaari luovutetaan aina elokuun viimeisen\u00e4 lauantaina pidett\u00e4v\u00e4ss\u00e4 kes\u00e4np\u00e4\u00e4t\u00f6sjuhlassa. Numeroituja standaareja on valmistettu 30 kappaletta, joista viimeinen on tarkoitus jakaa juhlassa 30.8. 2014. Liperistandaarissa on valkoisella pohjalla musta sulkakyn\u00e4, johon &hellip; <\/p>\n<p><a class=\"more-link btn\" href=\"https:\/\/www.hynninen.info\/?page_id=1033\">Jatka lukemista<\/a><\/p>\n","protected":false},"author":1,"featured_media":0,"parent":1023,"menu_order":0,"comment_status":"closed","ping_status":"closed","template":"","meta":{"footnotes":""},"class_list":["post-1033","page","type-page","status-publish","hentry","nodate","item-wrap"],"_links":{"self":[{"href":"https:\/\/www.hynninen.info\/index.php?rest_route=\/wp\/v2\/pages\/1033","targetHints":{"allow":["GET"]}}],"collection":[{"href":"https:\/\/www.hynninen.info\/index.php?rest_route=\/wp\/v2\/pages"}],"about":[{"href":"https:\/\/www.hynninen.info\/index.php?rest_route=\/wp\/v2\/types\/page"}],"author":[{"embeddable":true,"href":"https:\/\/www.hynninen.info\/index.php?rest_route=\/wp\/v2\/users\/1"}],"replies":[{"embeddable":true,"href":"https:\/\/www.hynninen.info\/index.php?rest_route=%2Fwp%2Fv2%2Fcomments&post=1033"}],"version-history":[{"count":1,"href":"https:\/\/www.hynninen.info\/index.php?rest_route=\/wp\/v2\/pages\/1033\/revisions"}],"predecessor-version":[{"id":1034,"href":"https:\/\/www.hynninen.info\/index.php?rest_route=\/wp\/v2\/pages\/1033\/revisions\/1034"}],"up":[{"embeddable":true,"href":"https:\/\/www.hynninen.info\/index.php?rest_route=\/wp\/v2\/pages\/1023"}],"wp:attachment":[{"href":"https:\/\/www.hynninen.info\/index.php?rest_route=%2Fwp%2Fv2%2Fmedia&parent=1033"}],"curies":[{"name":"wp","href":"https:\/\/api.w.org\/{rel}","templated":true}]}}